ose 185 = 3*f + 17. Suppose -i - 2*c + 44 = 0, i = 2*i - 4*c - f. What is the tens digit of i?
4
Let h(w) = -w**2 + 17*w + 11. Suppose 0 = 2*o - 0*o + 5*q - 26, 8 = -4*o + 5*q. Let v(m) = 3*m**2 - 3*m - 2. Let c be v(o). What is the tens digit of h(c)?
2
Suppose 0 = 11*r - 37*r + 82550. What is the tens digit of r?
7
Let p be 10/3*(-18)/(-15). Let w be ((-45)/(-20))/((-1)/(-12)). Suppose w = 3*j - 2*m, 2*m - 37 = -p*j + 5*m. What is the units digit of j?
7
Suppose 4*n + 32 = -5*p, -4*p = -3*n - 0*p - 55. Let l be 4*1 + -27 + n. What is the units digit of 14/(-3)*l/6?
8
Suppose 0 = 124*z - 146*z + 10780. What is the tens digit of z?
9
Suppose -29*t + 30*t = 15. Let j(o) = -o**3 + 11*o**2 + 1 + 16*o + 3*o**2 - 4. What is the units digit of j(t)?
2
Let x(s) = 108*s - 7. Let l(u) = 54*u - 3. Let v(n) = -9*l(n) + 4*x(n). What is the units digit of v(-2)?
7
Suppose 0 = -3*i + 15. Suppose -i*r = -2*r + y - 10, r = -2*y + 10. Suppose 0 = -r*c + 38 + 12. What is the tens digit of c?
2
Suppose -4*w - 5*x = -6*x - 3165, w - 5*x = 815. What is the hundreds digit of w?
7
Suppose -5*r + 690 + 1745 = 0. What is the tens digit of r?
8
Suppose 5*x - 5789 = -4*d, 12*d = 2*x + 10*d - 2312. What is the units digit of x?
7
Let z(j) = 104*j + 289. What is the tens digit of z(6)?
1
Let p be ((48/(-9))/(-4))/(5/495). Suppose 0 = -i + 5*f + 45, 2*f + p = 3*i - 68. What is the units digit of i?
0
Let i be 110 + -1 + -1 + 3. Let t = i + -8. What is the tens digit of t?
0
Let a(f) = f**2 - 17*f + 14. Let h(w) = -5*w + 5. Let q be h(-3). What is the tens digit of a(q)?
7
Suppose -2*z + 7*z = 2*l + 632, 0 = -2*l + 8. Suppose -5*s = -2*p + 223 - 77, -4*p - z = 4*s. What is the units digit of (-3)/2*(s + -8)?
7
Let h be (0 - -2)/((-3)/(-6)). Suppose -h*m + 627 + 33 = 0. Suppose 4*k - 2*r - 164 = -6*r, 4*k - m = -5*r. What is the tens digit of k?
4
Suppose -q + 128 + 40 = 0. Suppose -5*v = -3*v - q. What is the units digit of v?
4
Suppose -u + 24 = -0*u - n, -3*n = u - 32. What is the tens digit of u?
2
Suppose 3*t - u = -2*t + 5138, -2057 = -2*t + u. What is the units digit of t?
7
Let x(a) = -a**3 - 10*a**2 - 5*a + 734. What is the units digit of x(0)?
4
Suppose 4*o - 500 - 314 = -2*c, 5*c = -4*o + 2017. Suppose c + 97 = 6*l. What is the units digit of l?
3
Suppose 8*n - 2109 = 1171. What is the hundreds digit of n?
4
Let r = 341 + -160. What is the units digit of r?
1
Suppose -2*k + u - 38 = -u, -3*k - 5*u - 41 = 0. Let o = 19 + k. Suppose -23 = -2*a + 3*d, -o*a + 2*d = -a - 9. What is the units digit of a?
9
Let y be 3/((-1)/(-15)*9). Suppose -v + 550 = 3*g, -y*g + 4*v = -3*g - 376. Suppose 3*z - 3*u + 55 = g, 5*u = 3*z - 125. What is the units digit of z?
5
Suppose o + h = -o + 51, 0 = -5*o + 5*h + 90. Suppose 3*q + 4*p + o = 6*p, 5*p - 15 = -q. What is the tens digit of (0 + q)*(16 + -21)?
2
Let p(s) = -s**2 + s + 9. Let o be p(4). Let l(m) = -m**3 - 4*m. What is the units digit of l(o)?
9
Let r be 26/10 - 22/(-55). Suppose -8 = -4*u, u = r*y + 2*y - 318. What is the tens digit of y?
6
Suppose 2*k - 28 = -2*c, -5*c + 8 = -k + 52. What is the units digit of k?
9
Suppose 0 = 5*f, 4*u + 20 = -3*f - f. Let n(s) = s**2 - 6*s - 3. What is the units digit of n(u)?
2
Let q be 6/(-4)*(-24)/18. Suppose 4*b - q*b = 0. Suppose -4*h + 22 + 54 = 4*z, b = 4*z + 5*h - 81. What is the units digit of z?
4
Let g be 4 - (-3 + 3) - (-4 + 6). What is the units digit of (-1 - 5) + g + (1 - -127)?
4
Let r(z) = z**3 - 21*z**2 - 2*z + 64. What is the units digit of r(21)?
2
Let x(r) = -49*r + 94*r + 32 - 36*r. What is the hundreds digit of x(11)?
1
Let q(c) = -2*c + 2. Suppose -5*t - 4*p - 21 + 8 = 0, -4*p = -4*t + 4. Let n be q(t). Suppose -2*o - n*x = -4*o, o - 15 = -3*x. What is the units digit of o?
6
Let j = -17 + 25. Suppose -85 = -j*g + 267. What is the tens digit of g?
4
Let w be 8/48 - (-2)/(-12). What is the units digit of 3 + (102 - w) - -4?
9
Suppose 3*z = 5*z - 224. What is the units digit of z?
2
Let k be (6/27 + 59/18)*2. Suppose 4*a = 39 - k. What is the units digit of a?
8
Suppose -65 + 77 = -3*c. What is the tens digit of (-3)/1*c*(-69)/(-18)?
4
Let f be (-3)/(-9) + (-84)/(-18). Let k(x) = x**2 - 4*x + 3. Let z be k(5). Suppose -f*v - 66 = -z*v. What is the tens digit of v?
2
Let i = 8 - 3. Let s be (-2)/i - 6/(-15). Let y(v) = -v + 12. What is the units digit of y(s)?
2
Suppose -2*u = -0*u. Let f be 6/(-4) - 69/(-6). Suppose 0 = -3*v + 4*l + 2, f = 3*v - u*l - 2*l. What is the units digit of v?
6
Suppose -6 = -5*w + 2*w. Let i = w + 12. What is the units digit of 5/(44/i - 3)?
5
Let d be (-1)/3 - 75/(-9). Let z(l) = l**3 - 8*l**2 + 9*l + 6. What is the tens digit of z(d)?
7
Suppose 5*q = -771 + 2391. Let l = q - 198. What is the tens digit of (-28)/l - (-454)/18?
2
Let p(r) = r**3 + 6*r**2 - 10*r - 3. Suppose 3*c = -2*c - 35. Let v be p(c). Let q = v + 7. What is the units digit of q?
5
Let b(n) = n**2 + 31. Let t be b(0). Let w = t + -27. Suppose w*s + 2*k = -0*s + 78, 5*s + 5*k - 90 = 0. What is the units digit of s?
1
What is the thousands digit of (-17748)/30*4/(40/(-25))?
1
Let t be 2 - (3 + 1) - -4. Suppose -5*p = -t*b - 241, 0*p - 2*p - 5*b + 108 = 0. What is the tens digit of p?
4
Let s(f) = f**2 + 13*f + 13. Let b be s(-12). Suppose 3*a - 15 = 4*j, j - 31 + 6 = -5*a. What is the units digit of j + 18*(b + 0)?
8
Suppose -5*p - 4*z = -3271, -3*p - z + 5*z = -1969. What is the hundreds digit of p?
6
Suppose -289*v + 324*v = 12600. What is the units digit of v?
0
Let j = 849 - 269. What is the units digit of j?
0
Let u(w) = 12*w**2 + 12*w + 104. What is the hundreds digit of u(-6)?
4
Let h = -1090 + 1356. What is the hundreds digit of h?
2
What is the units digit of (9/24*-1726)/((-30)/80)?
6
Suppose 8 = -2*g + 32. Suppose 4*q - 4*k - g = 0, 4*q = 3*q + 2*k - 2. Suppose -3*j - 5 = -q. What is the units digit of j?
1
Let a = -4025 - -5766. What is the hundreds digit of a?
7
Suppose 0 = -21*i + 13359 + 62955. What is the tens digit of i?
3
Let d = -20 - -22. Suppose 5*i - 202 = -2*b, i = d*b + 2*b + 36. What is the tens digit of i?
4
Suppose 9855 = -40*f + 55*f. What is the units digit of f?
7
Let d = -268 - -656. What is the units digit of d?
8
Suppose -23 = -8*g + 57. Suppose -g*k = -12*k + 44. What is the tens digit of k?
2
What is the units digit of (-21658)/(-4) + (-14)/(-28)?
5
Let r = -70 + 69. Let v(y) = -176*y**3 + y**2 + 6*y + 6. What is the hundreds digit of v(r)?
1
What is the units digit of -14 + 7626/8 - (-1)/(-4)?
9
Suppose 34*r = 33*r + 460. What is the hundreds digit of r?
4
What is the tens digit of 8 + ((-12087)/(-9) - 7)?
4
Suppose 5*z + 208 - 8 = 5*a, 3*a = -5*z + 136. Let l be 9/(-6) - a/4. What is the tens digit of 2/(8/l) + 51?
4
Let b(l) be the first derivative of 6 + 2*l + 9*l**2 - l - 5. What is the tens digit of b(1)?
1
Let k be 18*(0 - -29*(-1)/(-3)). Let i = -52 + k. What is the units digit of i?
2
Suppose 0 = -86*m + 82*m + 72. Let j(o) = 13*o - 45. What is the tens digit of j(m)?
8
Let d = -958 - -1745. What is the units digit of d?
7
Suppose 0 = -2*f + 371 + 123. What is the tens digit of f?
4
Let a be 2/(2/(-3)) + 73/1. Let t = -5 + a. What is the units digit of t?
5
Let y(d) = d + 3. Let p be y(1). Suppose -p*j + 117 = 3*l - 83, -j + 339 = 5*l. What is the units digit of l?
8
Let f be (-79)/(-5) - 1/(-5). Let a(b) = 2 + 3 - b**2 + f*b + 0. What is the units digit of a(7)?
8
Let b = 1071 - 109. What is the tens digit of b?
6
Suppose -4*j = -19 + 47. What is the tens digit of (65/(-2))/(j/28)?
3
Suppose -8*t + 350 = -13*t. What is the hundreds digit of 1771/5 - 56/t?
3
Let r be (104/(-6) + 0)*(-15)/2. Let u = -38 + r. What is the tens digit of u?
9
Let j(u) = u**2 - 19*u + 21. Let a be j(18). Suppose n + a*b = 186, n - 2*b - 171 - 10 = 0. What is the units digit of n?
3
Let x be 1096/2 + (0 - -2). Suppose 19*s = 8*s + x. What is the tens digit of s?
5
Suppose 2*u + 2*y - 4352 = 0, -3*y = u - 5*u + 8697. What is the thousands digit of u?
2
Suppose -b + 185 = -0*b - 5*c, 4*c - 536 = -3*b. Suppose b + 42 = 3*l. What is the units digit of l?
4
Let b(c) be the third derivative of 7*c**6/360 + c**5/60 + 7*c**4/24 - 2*c**2. Let i(q) be the second derivative of b(q). What is the tens digit of i(2)?
3
Let d = 19 + -15. Suppose -d*x - 1 = -13. Su